p. Is f a composite number?
True
Suppose 0 = 18*p + 17*p - 44135. Is p prime?
False
Suppose 2*i = i - 378. Let z = 681 + i. Is z composite?
True
Let p(g) = -943*g**3 + g**2 + 2*g + 1. Let c be p(-1). Let b = c + -290. Is b prime?
True
Let o(r) = -6465*r + 502. Is o(-3) composite?
True
Suppose 22054 = 61*g - 59*g. Is g a prime number?
True
Suppose 3*o + 3 = -3*f, -o + 4*f = -2*o - 10. Let q = 33 - 31. Suppose -o*z = -2*g + z + 326, -489 = -3*g + q*z. Is g composite?
False
Suppose -5*w + 7*w - 502 = 0. Suppose 2*q + 6 = -2*n, 5 = -4*q + 3*n + 28. Suppose -w = -q*z + z. Is z composite?
False
Suppose 0 = 4*d + 5*j - 24, 2*j = 4*d - 0*d - 24. Let b(o) = 72*o + 13. Is b(d) composite?
True
Let i(a) be the third derivative of a**5/60 + a**4/4 - a**3 - 2*a**2. Let r be i(-6). Is (62/(-5))/(r/15) a composite number?
False
Suppose -4*m + 4*y + 1224 + 1496 = 0, -2*y + 671 = m. Is m a composite number?
False
Let s(q) = -q**2 - 10*q - 8. Let r be s(-9). Is (-1 + 2)/(r + 14/(-15)) a prime number?
False
Suppose 29588 + 8744 = 7*a. Suppose 12*y - 1568 = a. Is y a composite number?
False
Let l be 397/(2/(6/3)). Suppose -3*p + 4*h + 561 = 0, 3*p = 8*p - 4*h - 943. Suppose 3*y - l = -4*w, y = -0*w + 2*w - p. Is w a prime number?
True
Let n = -10 + -131. Let k = n + 352. Is k a prime number?
True
Let x be (3 - -27)/(6/844). Let h = x + -2745. Suppose -5*r + 1403 = 5*j - 72, 0 = -5*r + 5*j + h. Is r composite?
True
Let a = -4 - -7. Suppose m = -a*m. Is (-333)/(-3) - (-2 + m) composite?
False
Suppose 10*k = 14*k + 4, 3*k = 5*v - 38048. Is v composite?
True
Let n be (-138)/(-42) + 4/(-14). Let p be (n/1 - 1) + 2. Is p/14 + (-2147)/(-7) prime?
True
Let l(s) = 2*s - 10. Let k be l(7). Let g = k - 14. Is (262/g)/((-12)/60) composite?
False
Suppose 26934 = 8*b - 2*b. Is b prime?
False
Suppose 4*q - x = -1018, -3*q + 92 - 847 = -5*x. Let w be q/(-34)*228/2. Suppose -2*g + w = 265. Is g composite?
True
Is ((-3093)/6)/((-6)/12) composite?
False
Let g(d) = -5*d**3 - d**2 + 1. Let r be g(-1). Suppose 4*s - 3*s = 2*k + 17, 0 = 3*s + r*k - 29. Suppose s*v = 8*v + 105. Is v composite?
True
Is 10/(-10)*5 - -38506 a composite number?
False
Suppose 15*x = 12*x + 4*a + 21629, -3*x = -2*a - 21625. Is x a composite number?
False
Let l(h) = 27*h**3 + 13*h**2 - 36*h + 1. Is l(8) composite?
False
Suppose 49557 = 2*t - 106457. Is t composite?
False
Let c = -4835 + 13648. Is c a composite number?
True
Let d = -51 - -54. Suppose -d*l = -683 - 259. Is l prime?
False
Suppose -3*y - 1281 = -10*y. Let u = 23 + y. Is u prime?
False
Let c(n) = -n + 2. Let h be c(5). Let s(m) be the first derivative of -15*m**2/2 + 6*m - 14. Is s(h) a composite number?
True
Let z(j) = -4*j**3 - 9*j**2 + 21*j - 49. Is z(-8) prime?
False
Let n(k) = k**2 - 10*k + 10. Let w be n(11). Suppose -2*d = w - 29. Suppose -d*p + 1238 = 58. Is p a composite number?
True
Let s = 4280 + -2127. Is s composite?
False
Let s(w) = 196*w + 27. Is s(7) composite?
False
Let x(d) = 1944*d**2 - 5*d + 4. Let v be x(-3). Suppose -2*g = g - 5*c - v, 5*g - 29179 = 2*c. Suppose -3*t - g = -8*t. Is t prime?
False
Suppose -5*u = 5*p + 75, -2*p + 3*u - 41 = 4. Is 9/(p/8) + 1463 prime?
True
Suppose -8*h = -63 - 41. Suppose 0 = h*i - 1889 - 14478. Is i a prime number?
True
Let l(q) = 9*q**3 + q**2 + q - 4. Suppose 0 = -5*u + 6 + 9. Is l(u) a composite number?
False
Let b(z) = 3548*z - 49. Is b(4) a composite number?
False
Let h = -11 + 11. Suppose 17 = 3*x + 2. Suppose -3*o + o + 5*i + 27 = 0, -x*o - 5*i + 120 = h. Is o composite?
True
Let g(j) = 3106*j**2 + 12*j + 23. Is g(-3) a composite number?
False
Let u(a) = -28*a**2 - 3*a + 4. Let i be u(3). Let v be (-4 + 2)/((-2)/i). Is 2*2/(-4)*v a prime number?
True
Suppose -4*p + 2*f = -2*p - 702, 5*p + 5*f = 1705. Let z = 804 - p. Is z composite?
True
Let m(j) = 15*j - 8. Let p be m(7). Let x(b) = b - 2. Let a be x(1). Is p*((-1 - a) + 1) a prime number?
True
Let n = 18576 - -6389. Is n a composite number?
True
Let x be (-885)/(-10)*4/6. Suppose -g = -2*g + x. Is g composite?
False
Let f(g) = 16*g - 11. Let v be 14 - (-9)/(9/(-4)). Is f(v) a composite number?
False
Suppose -4*q - 5930 = -5*x + q, 5*q = 15. Is x composite?
True
Let p = -13997 - -27666. Is p a composite number?
False
Suppose -t + 5*m + 0*m + 2254 = 0, -4*t - 2*m + 8906 = 0. Is t a prime number?
False
Let d(m) be the second derivative of -m**3/6 + 109*m**2/2 + 53*m. Let n(g) = g + 2. Let s be n(-2). Is d(s) a composite number?
False
Let m be 8752/22 + 32/176. Let a = m + 87. Is a composite?
True
Suppose -661 = -b + 9916. Is b a composite number?
True
Suppose 7*q + 26394 = 3*q - 2*k, 3*q - k + 19788 = 0. Let i = -4316 - q. Is i a composite number?
False
Suppose -3*b + 8*b - 20 = 2*q, -4*q = -3*b + 12. Suppose -h + 2*h = b. Suppose -3*l - 2*x + 254 = 0, -h*x + 148 = -5*l + 542. Is l composite?
True
Suppose -2*o = -16*o + 87458. Is o a prime number?
True
Suppose 10*u = 24165 + 5425. Is u prime?
False
Suppose x - 17 = -4*g + 8, -10 = -2*g. Suppose -x*q - 10 = 0, -2*b - 4*q = -7*b + 1623. Is b composite?
True
Suppose 3*a = 1620 + 453. Is a composite?
False
Suppose 2 = -f, 4*u - f + 5*f = 12. Suppose 3*w - 302 = u*i, -2*w + 4*w + 2*i - 228 = 0. Is w a prime number?
True
Let u = 1243 - -222. Suppose -8*f + 9*f = u. Is f a prime number?
False
Let l = -7 - -12. Suppose -6270 = l*b + 5*q, 2505 = -2*b - 0*b + q. Let f = b - -2122. Is f a composite number?
True
Let h(g) = 8 + 0*g + 1 - 12 - 20*g. Suppose 5*w = w - 16. Is h(w) prime?
False
Let g(o) = -4 + 6*o + 3 - 3*o - 2*o. Let c be g(3). Suppose c*z = -z + 1599. Is z a prime number?
False
Let k(g) = 182*g**2 + 6*g + 3. Is k(4) prime?
True
Let l be ((-10794)/(-9) + 0)/((-6)/(-9)). Suppose s - 3*q + 4*q = l, 5*q = 0. Is s prime?
False
Let d(g) = g**2 + 4*g - 7. Let p = 7 + -11. Let u be d(p). Let z(t) = t**3 + 16*t**2 + 3*t - 7. Is z(u) a composite number?
True
Suppose -4*i - 3*o = -2*o - 28880, 0 = -5*i + o + 36091. Is i composite?
False
Suppose -8 = -4*n - 4*r, -2*r = 2*n + 2*r - 2. Suppose -12 = 4*f - n*x, -f = 3*f - 4*x + 16. Suppose -6*t + 9*t - 93 = f. Is t prime?
True
Let q be (-2)/(1 + (2 - 4)). Suppose -y + q*y - 775 = 0. Suppose y + 79 = 2*t. Is t a prime number?
False
Let k(m) = -m**2 + 12*m + 72. Let o be k(16). Let f be (-1 + 1 + -1)*-2. Is (f + (o - -1))*13 composite?
True
Let o = 1151 - 683. Let t = 781 - o. Let g = t + -200. Is g a prime number?
True
Let b(t) = -t + 1. Let i(m) = -762*m - 44. Let w(u) = -b(u) - i(u). Is w(6) a prime number?
True
Let l = -5 + 1. Let s be 0*(l + -3 + 6). Suppose -11 = -n - s*n. Is n composite?
False
Suppose -2778 = -h - 2*o, -4*h + 4785 = 2*o - 6351. Suppose -2792 = -2*p - 3*c + 4*c, 4*c + h = 2*p. Is p a composite number?
True
Is 210783/5 + 106/265 a composite number?
False
Suppose 0 = -3*a + 9*a - 162. Suppose -a*c + 9*c = -26478. Is c composite?
False
Let j(s) = 513*s - 5. Let m be j(1). Let z = m - -431. Is z a prime number?
False
Let b(v) = -v**3 + 15*v**2 + 2*v - 14. Let p be b(15). Suppose -5*h = 5*w - 40, -p = -w + h - 2. Is w a composite number?
False
Suppose 4*n - 17 = -3*t, 1 = 2*n - 0*n + 3*t. Let m(f) = 15*f**3 + 9*f**2 - 19*f - 11. Is m(n) prime?
True
Let x(o) = -o**3 + 13*o**2 + 11*o - 9. Let w be 8*(-3)/(-18)*9. Is x(w) a composite number?
True
Suppose 5*r = -p + 18, 3*p - 54 = -3*r - r. Let u be 10/3*p/15. Suppose -u*t = 4*z - 1172, -5*z = -t + 38 + 243. Is t a prime number?
False
Let t be -129*(2 - (-3 + 4)). Suppose -2*i + 62 = 2*i + 2*j, -2*i = 2*j - 30. Let h = i - t. Is h prime?
False
Suppose 5*a + 5*m = 198 + 19342, -4*a + 4*m + 15624 = 0. Is a a prime number?
True
Let f(a) = -248*a - 121. Is f(-6) composite?
False
Suppose -10*f = -9*f - 491. Is f a composite number?
False
Let v(a) = -20*a. Let q be v(-6). Let t be (-6738)/(-24) - (-6)/24. Let j = t - q. Is j a composite number?
True
Let g(v) be the second derivative of 0 - 5/2*v**2 - 7/6*v**3 + 2*v. Is g(-4) a composite number?
False
Let p(z) = z**2 + 27*z + 26. Let d be p(-26). Suppose d = 7*t - 10613 - 27642. Is t a prime number?
False
Suppose -3*v - v - 4*s = -2024, 3*v - 2*s = 1513. Is v a prime number?
False
Suppose -4*b + 2*g = 1 + 19, 2*b = -2*g - 10. Let o = b + 31. Is o a prime number?
False
Let n(d) = d**2 - 3*d - 6. Let h be n(3). Is 4 + 0 + h + (0 - -1051) compos